
11
Suppose 3 = 3*n - 3. Suppose 2*i - 92 = 4*m, -n*i + m + 115 = 38. What is the highest common divisor of i and 24?
12
Let u be (-24)/(-240)*-52*10/(-2). What is the greatest common factor of 78 and u?
26
Suppose 0 = 4*r - 8 - 176. Let i = r - 16. Calculate the greatest common factor of 45 and i.
15
Let a be ((-189)/4)/(3*9/(-324)). What is the greatest common divisor of a and 42?
21
Suppose 4*b - 4*d = 388, 3*b = d - 6*d + 275. Calculate the highest common factor of 5 and b.
5
Let c = 18 - -17. Let o = 38 - c. Suppose -5*s = -24 + 9. What is the highest common factor of o and s?
3
Let i(t) be the first derivative of t**4/4 - 13*t**3/3 + 6*t**2 + 4*t - 6. Let q be i(12). Calculate the greatest common divisor of 16 and q.
4
Let z(v) = 38*v**2 + 4*v - 36. Let t be z(3). What is the highest common divisor of 6 and t?
6
Let y = 995 - 515. Calculate the highest common factor of 60 and y.
60
Let q(w) = -5*w**2 - 6*w - 6. Let b be q(-1). Let l be (2 + 3)/(b/(-10)). Calculate the greatest common factor of 110 and l.
10
Let z = -86 - -158. Let t = 1949 + -1841. What is the highest common divisor of z and t?
36
Suppose 9*c = 6*c + 48. Suppose 4*j - 2*v = 6*j - 348, -3*j - 4*v + 520 = 0. What is the greatest common factor of j and c?
16
Let y = 2652 + -648. What is the highest common factor of y and 12?
12
Suppose -2*u + d = -138, -162 - 100 = -4*u - 5*d. Calculate the greatest common divisor of 272 and u.
68
Let m(g) = 48*g - 2. Let z be m(3). Let h = z - 70. Let y be (((-216)/(-28))/(-9))/((-9)/84). What is the highest common factor of h and y?
8
Suppose -2*r - 5 = -11. Suppose 0 = 2*c + r*c - 105. Calculate the greatest common divisor of c and 63.
21
Let j = 72 + -70. Suppose 94 = 4*z + j*k - 78, 5*z - 215 = -4*k. What is the highest common divisor of z and 473?
43
Let f = -1113 + 1163. Calculate the highest common divisor of f and 310.
10
Let g be (-20)/(-3) + 9/189*7. Suppose -22 = 2*r - 4*r - 5*k, 5*r - 4*k - 121 = 0. Calculate the highest common divisor of r and g.
7
Let r = -264 + 479. Suppose 4*a + 3*m - r = 40, 3*m = -5*a + 321. Calculate the highest common factor of a and 6.
6
Suppose 1601 = 3*d + 188. Let l = d - 2943. Let t be 1/3 + l/(-36). What is the greatest common factor of 23 and t?
23
Let w(j) = -2*j**2 - 9*j + 4. Let a(b) = b + 3. Let z be a(-6). Let m be w(z). What is the greatest common factor of 2 and m?
1
Let u = -22 + 34. Let l be (4 - (-12)/8)*u. What is the greatest common factor of l and 6?
6
Let u = 45 - 32. Suppose -u*x + 32 = -9*x. Suppose x*s = 4*s + 80. What is the highest common factor of s and 5?
5
Suppose 694 + 489 = 7*n. Calculate the highest common factor of n and 26.
13
Suppose 12 = 2*h + 4. Suppose -6*t + 11*t - 140 = -h*s, -100 = -5*t + 4*s. Calculate the highest common divisor of 12 and t.
12
Let p be (-4)/(-7) + (4 - 11/7). Suppose 0 = 2*a, -5*a + 8 + 10 = p*f. What is the greatest common factor of f and 78?
6
Suppose 0 = -3*y - y + 640. Suppose -140 = -1233*s + 1226*s. What is the greatest common factor of s and y?
20
Let u be (6/(-4) - 0) + (-3008)/(-128). What is the greatest common divisor of u and 176?
22
Let r be 20/(-15)*(-10 - 14). What is the highest common factor of 112 and r?
16
Suppose u = 3, -2*i + 2*u = u - 85. Calculate the greatest common divisor of 8 and i.
4
Let p(j) = -j**3 + 5*j**2 + 2. Let l be p(5). Let s be 60/4*l/5. Calculate the highest common divisor of 12 and s.
6
Suppose 25 = -5*w, -6*x - 5 = -3*x - 5*w. Let g = 37 + x. Suppose h + s - 2 = 3, 5*h - 2*s = 11. What is the highest common factor of h and g?
3
Let i = -96 + 193. Suppose -2*m + 263 = -2*c - i, 4*c = m - 180. What is the greatest common factor of m and 20?
20
Let p(t) = -4*t**3 + t**2 - 1. Let m be p(-1). Suppose 0 = 4*c - 26 + 6, 0 = -m*h + 2*c - 18. Let y = 28 - h. What is the highest common divisor of y and 240?
30
Let n(d) = d + 20. Let g be n(-16). Suppose -2*y = 0, -2*q - 3*y - 80 = -g*q. Calculate the highest common factor of q and 10.
10
Let s(q) be the second derivative of q**3/3 + 23*q**2/2 - 5*q. Let w be s(-11). Calculate the highest common divisor of w and 8.
1
Let n(s) = 2*s**2 + 3*s - 1. Let c be n(-3). Calculate the highest common factor of c and 72.
8
Let y(l) = l**2 + 13*l + 34. Let h be y(-10). Suppose h*c - 9*t - 459 = -6*t, -2*t + 474 = 4*c. Calculate the highest common divisor of 13 and c.
13
Suppose 831 + 766 = 4*z + 3*b, -1198 = -3*z - 2*b. What is the greatest common factor of 25 and z?
25
Let g be (13 + 2)*(-3)/(-3). Suppose -2*f + 48 = 14*f. Calculate the greatest common divisor of g and f.
3
Let y(g) = 5*g - 15. Let l be y(3). Let f be 1/4*2*(l - -682). Calculate the highest common divisor of f and 31.
31
Suppose -2*a + 55 + 127 = 0. Suppose -4*g + f = -f + 24, 2*f = -2*g. Let n be -6*9/g + 1/(-2). What is the greatest common factor of n and a?
13
Let k = -45 + 45. Suppose -5*b + 45 = 2*i + 3*i, k = 5*i. Suppose h = -0 + 36. What is the highest common divisor of h and b?
9
Suppose -416 = -1606*p + 1605*p. Calculate the highest common divisor of p and 13.
13
Let l be (-8)/(-40) + 1124/5. Calculate the highest common factor of 50 and l.
25
Let d(g) = -3 + 4 + 2*g + 5*g. Let l be d(1). Let a be 9228/48 + (-2)/l. Calculate the greatest common divisor of a and 24.
24
Let a be ((-612)/(-459))/((-1)/(-81)). Calculate the greatest common factor of a and 81.
27
Suppose -2*d - 28 = 20. Let h = 32 + d. Suppose 6 = a - 2*p, 2*a + 7 - 21 = 2*p. Calculate the greatest common divisor of a and h.
8
Let r(s) be the third derivative of s**5/20 - s**4/24 - 5*s**3/2 + 16*s**2. Let x be r(-6). What is the highest common factor of 9 and x?
9
Let j(a) = 9*a**2 + 7*a - 4. Let n be j(5). Suppose -2 - 4 = -2*m. Suppose m*s + s = n. Calculate the greatest common factor of 8 and s.
8
Let v(n) = 71*n - 5159. Let a be v(73). Suppose -3*o + 1 = -o + 5*q, 6 = o - 3*q. What is the highest common factor of o and a?
3
Let x(z) = -z**3 + z**2 - 4*z. Let s be x(3). Let q = -25 - s. Suppose 868 = q*t + 4*k, 5*t - 41 = -2*k + 833. What is the highest common divisor of t and 22?
22
Let t(g) = 7*g**2 - 3*g**2 - g + 4 - 8. Let n be t(2). What is the greatest common divisor of n and 110?
10
Let r = 21 - 16. Suppose 3*q - 2*q = 3*j + 2, 0 = -r*j - q + 10. What is the highest common factor of j and 2?
1
Let p be (0 + (-22)/6)/((-2)/12). What is the greatest common divisor of p and 33?
11
Let w(n) = -n**3 + 21*n**2 + 12*n - 24. Let f be w(9). Calculate the greatest common factor of f and 66.
66
Let c(y) = -2*y**3 + 13*y**2 + 10*y + 9. Let g be c(6). What is the greatest common divisor of g and 14?
7
Suppose 5*x = -0*x + 20. What is the greatest common factor of x and 36?
4
Let g be (12/(-2))/(6/(-21)). Let o(v) = 3*v**2 + 128*v + 20. Let b be o(-43). Calculate the highest common divisor of g and b.
21
Let q = 920 - -562. Calculate the greatest common factor of 78 and q.
78
Let r be ((-50)/(-5))/2 + -3. Suppose -3*j - 2*i = -52, 4*i = -r*j + 17 + 7. Calculate the greatest common factor of 10 and j.
10
Suppose 3846 = 5*d - 21834. What is the highest common divisor of 48 and d?
48
Suppose 0 = 6*j - 17*j + 1991. Suppose 2*z = -j + 671. Calculate the highest common factor of 35 and z.
35
Let r = 471 + 4. What is the greatest common divisor of r and 19?
19
Suppose -129 = -7*f + 74. Let h = -17 + f. What is the highest common divisor of 18 and h?
6
Let g(u) = 7*u**2 - 46*u + 2. Let o be g(7). Let d be (-4)/(-10) - (-573)/5. Calculate the highest common divisor of o and d.
23
Suppose -5*v = -4*m + 2889, -10*m + 2*v = -15*m + 3570. What is the highest common factor of 4 and m?
4
Let j(r) = -2*r + 42. Let p be j(12). Suppose -2*c = u - 6, 5*c = 4*u + 10 + p. Calculate the highest common factor of c and 4.
4
Suppose -20*z + 6*z + 1344 = 0. Let v(r) = -r**2 - 9*r + 10. Let m be v(-7). What is the highest common divisor of z and m?
24
Suppose 0 = -3*x + m + 39, -38*m + 9 = -35*m. What is the greatest common factor of 10 and x?
2
Let r(z) = -z + 9 - 2 + 2*z. Let l be r(-9). Let j be (-119)/l - (-3)/6. What is the highest common divisor of 40 and j?
20
Suppose -37 + 667 = 6*f. What is the highest common divisor of f and 35?
35
Suppose 98 + 52 = 10*o. What is the highest common divisor of 180 and o?
15
Let n(s) = 5 + 4*s - 5*s - 1 + 5 + s**2. Let c b